emainder when 177 is divided by h.
42
Let m(a) = -60*a - 7016. What is the remainder when 869 is divided by m(-117)?
1
Let t(l) = -13*l - 1. Suppose -4*c = -4*g - 34 - 34, 4*g + 87 = 5*c. Let d = 66 - c. Calculate the remainder when d is divided by t(-1).
11
Let h(n) = -31*n - 13 + 5 + 9*n - 4*n. What is the remainder when 345 is divided by h(-3)?
65
Let u be -2 + 2 + -1 + 5. Suppose -5*y = o - 29, -3*y - o + 6 + 13 = 0. Let q = u + y. What is the remainder when 79 is divided by q?
7
Let u be -3*(-16 + 3/1) + 1. Let b = u + -42. What is the remainder when 117 + b/(3 + -1) is divided by 30?
26
Suppose 12*y - 15*y + 369 = 55*q, -3*y + 21 = -3*q. What is the remainder when (-270)/(-8) - 3/(-12) is divided by y?
8
Let w(i) be the first derivative of -9*i**4/2 - 2*i**3/3 + i + 5. Let v be w(2). Let k = v + 220. Calculate the remainder when k is divided by 19.
12
Suppose -54*n + 62*n = -160. What is the remainder when 199 is divided by ((-492)/(-60))/(4/n*-1)?
35
Let p(z) = 20*z**2 + 3659*z - 169. Let j(g) = -176*g + 1. What is the remainder when j(-3) is divided by p(-183)?
11
Suppose 0 = -j + 5*g + 74, 37*j - 3*g - 148 = 35*j. Calculate the remainder when j is divided by 22.
8
Suppose 5*a = 4*o - 1, 2*a + 2 = 3*o - o. Let l(q) = -214*q**2 + 2356*q - 7. What is the remainder when l(11) is divided by a?
0
What is the remainder when 532 is divided by (1 - 0)/((24/(-10464))/(8/(-32)))?
96
Suppose 2*q - 1841 = -1817. Calculate the remainder when q is divided by 7.
5
Suppose 2*p + 4 = 0, -2*g + 4*g + 2*p = 2. Suppose 0 = -g*s - 3*w + 96, 6*w + 3 = 3*w. What is the remainder when s is divided by 5?
3
Let d(t) = -4*t + 189. Let z = -469 - -510. Calculate the remainder when 178/4 + 2/(-4) is divided by d(z).
19
Suppose 2*w - 38 - 22 = 0. Suppose 3*k - 62 = -5*a - 46, 0 = 4*a - 2*k - 26. What is the remainder when 47 is divided by (-2)/4 + a*w/12?
11
Calculate the remainder when 320 is divided by (-68)/(-2) - ((8 - 12) + 11).
23
Suppose b + 713 = 2991. Let w = -1396 + b. What is the remainder when w is divided by 52?
50
Suppose 0 = -11*z + 8*z - m + 214, 0 = 3*z + 5*m - 230. Calculate the remainder when 584 is divided by z.
24
Let d = 518 + 3611. What is the remainder when d is divided by 70?
69
Let l be 158 + -2 - -2 - (1 + -2). Suppose -l = -4*k - 5*j, -2*j = -6*j + 12. Suppose -k = -15*m + 9*m. Calculate the remainder when 28 is divided by m.
4
Let w be (4 + -4 - 2) + -66. Let f = w + 74. Let p = -32 - -48. Calculate the remainder when p is divided by f.
4
Suppose 0*k = 7*k + 10*k - 7429. What is the remainder when 883 is divided by k?
9
Let x = -19 + 28. Let b(o) = o**2 - 5*o - 34. Let v be b(x). Let i(s) = 19*s - 8. Calculate the remainder when 58 is divided by i(v).
28
Suppose 176 = h - 4*w - 875, -4*h = -4*w - 4144. Calculate the remainder when h is divided by 1020.
11
Suppose 2*u - u - 69 = 0. Let t = -345 - -318. Calculate the remainder when u is divided by (1 - 2 - 0)*(t - -9).
15
Suppose -d = -10*d + 9918. Suppose 4*x + 25*x - d = 0. Calculate the remainder when x is divided by 19.
0
What is the remainder when 190 is divided by ((-7384)/426)/((-2)/6)?
34
Let d(n) = -n**3 - 34*n**2 + 5*n + 361. Calculate the remainder when 3050 is divided by d(-34).
185
Suppose -17*i + 370 = -855 - 67. What is the remainder when 1666 is divided by i?
70
Suppose -15*n = -293 - 3487. Suppose -n = -23*w + 20*w. What is the remainder when w is divided by ((-8)/(-12))/((-2)/(-132))?
40
Let c(m) = -5*m + 60. Let z be c(6). Suppose y + 10 = 3*u + 16, 0 = 5*y - u - z. Calculate the remainder when 37 is divided by y.
1
What is the remainder when (-22 + -3680)/((-42)/7) is divided by 71?
49
Suppose u - 4*a = 74 + 175, 5*u + 5*a - 1120 = 0. Calculate the remainder when u is divided by 92.
45
Suppose 5*y + w = 402, -y - 67*w = -70*w - 74. What is the remainder when 333 is divided by y?
13
Suppose 3*l - 53*b + 52*b = 1, 4*b + 15 = l. What is the remainder when -6 + (57 - l - 8) is divided by 15?
14
Let r = 40 - 20. Let p(a) = -75*a - 207. Let k be p(-3). What is the remainder when r is divided by k - (-11)/(88/(-56))?
9
Let l(a) = -a**2 - 10*a + 10. Let d = 222 - 222. Calculate the remainder when 13 is divided by l(d).
3
Let k = 106 + -73. Let g = -30 + k. Suppose -g*a + 8 + 37 = 0. Calculate the remainder when 132 is divided by a.
12
Let v = -3754 - -6041. Calculate the remainder when v is divided by 52.
51
Suppose -9*x = -4*x + 10. What is the remainder when -2 + (1 - (600/x)/3) is divided by 50?
49
Suppose 4*r + 368 = 3*u, -u + 88 = -3*r - 23. What is the remainder when 919 is divided by u?
127
Suppose -162*j + 400*j - 11186 = 0. Let d be (16/10)/((-6)/(-15)). Suppose -d*o + 38 = -30. Calculate the remainder when j is divided by o.
13
Let z be (36/24)/(1/(28/6)). Suppose 8*w - z*w = 2*k - 56, 5*k - 3*w = 138. What is the remainder when k is divided by 26?
4
Let v(x) = 4*x**2 - 446*x - 2694. What is the remainder when 602 is divided by v(-6)?
98
Suppose 53*t = 51*t - 3*r + 354, 4*t - 768 = 4*r. What is the remainder when t is divided by 84?
18
Suppose -4*x - 2*b + 8 = 0, 0 = -4*x - x + b - 4. Suppose x = 4*d - 125 + 5. What is the remainder when 3 - (0 + 55)/(-1) is divided by d?
28
Suppose -48 = -0*z - 4*z. What is the remainder when (9 - 4) + (-1 - -23) is divided by z?
3
Suppose -4*f + 359 = 103. Suppose -8*g = -409 + 33. Let i = f - g. What is the remainder when 133 is divided by i?
14
Suppose -29441 = -2021*o + 1962*o. What is the remainder when o is divided by 67?
30
Let u = -112 + 123. Let q(r) = 4*r**3 + 21*r**2 - 5*r - 9. What is the remainder when q(-5) is divided by u?
8
Calculate the remainder when 2756 is divided by ((-368)/1104)/(1*2/(-60)).
6
Suppose -5*v - 342 = 103*p - 105*p, 4*v - 360 = -2*p. Calculate the remainder when p is divided by 134.
42
Let f = 218 - 213. Suppose -4*n = -f*b + 59 + 10, -5*b - 5*n = -105. Suppose 5*x = r + 29, 0 = x - 2*r - 4. What is the remainder when b is divided by x?
5
Suppose -2*r - m + 3 = 0, 0*r + 22 = 3*r - 2*m. Suppose -2*c = r*c - 186. Calculate the remainder when 120 is divided by c.
27
Suppose -12 - 138 = q + 4*p, 0 = -5*q - 3*p - 784. Let i = q - -277. What is the remainder when i is divided by 53?
13
Let c = 43 - 41. Suppose -36 = -c*x - 3*b, 3*b - 37 = -5*x + 53. Calculate the remainder when 103 is divided by x.
13
Suppose 5*l - o - 5 = -0, -5*l - 4*o = -30. Suppose -2*d - l*d - 48 = 0. Let i = d + 18. What is the remainder when 22 is divided by i?
4
Let d = -41123 + 41135. Let m = 81 - 40. Calculate the remainder when m is divided by d.
5
Let m(n) = -139*n - 681. What is the remainder when m(-8) is divided by 218?
213
Suppose 6*w = -26080 + 26596. Calculate the remainder when 300 is divided by w.
42
Suppose 6*x + 21 = -9. What is the remainder when ((-678)/6)/(x/2 - -2) is divided by 58?
52
Let j(k) be the second derivative of k**5/20 - k**4/2 + 2*k**3/3 + 11*k**2/2 - 91*k. What is the remainder when 96 is divided by j(6)?
26
Let r(n) = -2*n**2 + 93*n - 797. Let u = 6 - -1. What is the remainder when r(12) is divided by u?
3
Let i = 74 - 212. Let d = -115 - i. Calculate the remainder when (-3)/12 + (-538)/(-8) is divided by d.
21
Suppose 3*v = -4*u - 31, 4*u + 0*v + 6 = 2*v. Let y(t) = -4*t - 3. Calculate the remainder when (44/1782*27)/(10/750) is divided by y(u).
11
Let y be 43*(6 + -97)/7. Let u = y - -565. Calculate the remainder when u is divided by 4.
2
Let z(y) = -3*y**2 - 62*y - 62. What is the remainder when z(-18) is divided by 55?
27
Let w(h) = 17 + 2*h - 68*h**2 + 17*h + 78*h**2. Calculate the remainder when w(-6) is divided by 33.
32
Suppose 410 = -22*r - 7400. Let m = r - -393. Calculate the remainder when 148 is divided by m.
34
Let y(s) = -3*s**3 + 2*s. Suppose 0 = -0*m - 2*m + 4. Let p be y(m). Calculate the remainder when 13 is divided by p/(-30) - (-20)/6.
1
Calculate the remainder when ((-20296)/16)/((-79)/158) is divided by 135.
107
Let h be 212/(-5)*4/((-16)/10). Let r = 110 - h. Suppose r*g - 48 = 4*t, 4*g = g + 5*t + 32. Calculate the remainder when 53 is divided by g.
11
Suppose 452 = 4*g + 388. What is the remainder when 1346/4 - 40/g is divided by 14?
12
Let g(j) = -65*j**2 + 334*j - 11. Calculate the remainder when 1119 is divided by g(5).
31
Let b(n) = 28*n**2 + 42*n + 45. Calculate 